nd 12008.
19
What is the greatest common divisor of 466 and 437574?
466
What is the greatest common factor of 4 and 194716?
4
What is the greatest common factor of 305998 and 63?
7
What is the greatest common divisor of 369 and 38663?
41
Calculate the highest common divisor of 4 and 582.
2
What is the greatest common factor of 151 and 10172115?
151
Calculate the greatest common factor of 528 and 3675.
3
What is the greatest common factor of 2 and 387?
1
What is the greatest common divisor of 164 and 2534333?
41
What is the highest common factor of 158197 and 91?
13
Calculate the highest common divisor of 113958 and 2106.
234
What is the greatest common factor of 1265 and 160?
5
What is the greatest common factor of 6777 and 13149?
27
Calculate the highest common divisor of 98270 and 6355.
155
What is the highest common divisor of 356 and 6552358?
178
What is the greatest common divisor of 29190 and 238524?
834
What is the greatest common divisor of 246 and 294?
6
What is the highest common divisor of 55808 and 8?
8
Calculate the highest common divisor of 63924 and 168.
84
What is the highest common factor of 2280 and 3000?
120
Calculate the highest common divisor of 27 and 153.
9
Calculate the highest common divisor of 3296196 and 10980.
2196
What is the highest common factor of 37229 and 50480?
631
What is the greatest common divisor of 44700 and 45296?
596
What is the greatest common factor of 9400 and 1127060?
940
What is the highest common factor of 74452 and 112?
28
Calculate the highest common divisor of 2970 and 10285.
55
Calculate the highest common divisor of 51051 and 308.
77
What is the greatest common factor of 19 and 202312?
19
Calculate the greatest common divisor of 1058 and 457.
1
What is the greatest common factor of 443486 and 46?
46
What is the highest common factor of 2261 and 120992?
19
Calculate the highest common divisor of 24 and 2493336.
24
What is the greatest common divisor of 208656 and 176?
16
Calculate the greatest common divisor of 331 and 816577.
331
Calculate the greatest common factor of 3621 and 3479.
71
Calculate the greatest common divisor of 106233 and 51.
51
What is the greatest common factor of 108081 and 27?
27
Calculate the highest common factor of 60 and 175290.
30
What is the highest common factor of 1200 and 34125?
75
Calculate the greatest common divisor of 25 and 179975.
25
What is the highest common divisor of 798645 and 30?
15
Calculate the greatest common divisor of 256 and 70096.
16
Calculate the highest common factor of 3156 and 7596.
12
What is the highest common divisor of 9801 and 1881?
99
Calculate the greatest common factor of 185 and 771.
1
What is the greatest common divisor of 160008 and 18306?
678
Calculate the highest common factor of 3066807 and 358.
179
Calculate the highest common factor of 430 and 431505.
215
Calculate the highest common factor of 4224108 and 28.
28
What is the greatest common factor of 8880 and 528?
48
Calculate the highest common factor of 1598 and 630.
2
What is the highest common divisor of 13248 and 372?
12
Calculate the highest common divisor of 8086041 and 3.
3
What is the greatest common divisor of 130 and 9115?
5
Calculate the highest common divisor of 39663 and 18798.
39
What is the greatest common divisor of 3 and 45867?
3
What is the greatest common divisor of 589 and 4883?
19
What is the greatest common factor of 133000 and 420?
140
Calculate the greatest common divisor of 3908 and 51.
1
Calculate the greatest common divisor of 138 and 1827327.
69
What is the highest common factor of 46 and 64561?
23
Calculate the highest common factor of 47595 and 3507.
501
Calculate the greatest common factor of 3264 and 1184.
32
What is the greatest common factor of 80 and 5290400?
80
Calculate the highest common factor of 576 and 2288.
16
What is the greatest common factor of 133 and 456133?
19
Calculate the highest common factor of 27432 and 4104.
216
Calculate the highest common divisor of 38384 and 48.
16
What is the highest common factor of 33193 and 2223?
19
Calculate the highest common factor of 79387 and 11.
11
Calculate the greatest common factor of 703422 and 18.
18
Calculate the highest common divisor of 426265 and 532.
133
What is the greatest common factor of 72 and 245904?
24
What is the greatest common factor of 675 and 3950325?
225
Calculate the greatest common factor of 35470 and 290.
10
Calculate the greatest common factor of 133 and 375212.
19
What is the greatest common divisor of 222 and 56832?
222
Calculate the highest common factor of 71120 and 14320.
80
Calculate the highest common factor of 2438 and 7774.
46
What is the highest common divisor of 476142 and 6?
6
Calculate the highest common divisor of 88 and 1853192.
88
Calculate the greatest common factor of 26250 and 10675.
175
Calculate the highest common divisor of 1572 and 792.
12
What is the greatest common divisor of 799704 and 9?
9
Calculate the highest common divisor of 122 and 1484191.
61
What is the highest common factor of 88 and 17787?
11
Calculate the highest common divisor of 329 and 6157.
47
What is the greatest common factor of 14151 and 5073?
267
Calculate the greatest common factor of 34592 and 2944.
736
Calculate the greatest common factor of 496069 and 14.
7
Calculate the greatest common divisor of 46296 and 80.
8
Calculate the greatest common divisor of 13700 and 3100.
100
What is the highest common divisor of 17608 and 2728?
248
What is the greatest common divisor of 665 and 177935?
95
Calculate the highest common factor of 68859 and 21.
21
What is the greatest common divisor of 130819 and 104?
13
Calculate the greatest common divisor of 152960 and 1280.
640
What is the greatest common factor of 14 and 1071770?
14
What is the highest common factor of 41 and 386671?
41
What is the greatest common divisor of 745 and 2275?
5
Calculate the highest common factor of 324 and 2388.
12
What is the greatest common factor of 81 and 55827?
9
Calculate the highest common factor of 16664 and 16.
8
What is the highest common factor of 1122480 and 15?
15
What is the highest common factor of 99 and 54819?
9
What is the highest common divisor of 38120 and 80?
40
What is the highest common divisor of 16 and 326808?
8
Calculate the highest common divisor of 244 and 446276.
244
What is the greatest common factor of 9810 and 495?
45
Calculate the greatest common divisor of 1735 and 205.
5
Calculate the greatest common factor of 34275 and 150.
75
What is the highest common divisor of 6909 and 1128?
141
Calculate the greatest common divisor of 1496 and 2380323.
187
What is the highest common divisor of 26 and 550901?
13
What is the highest common factor of 1407 and 2079?
21
What is the greatest common factor of 230016 and 864?
96
Calculate the highest common factor of 4336 and 432.
16
What is the highest common divisor of 36 and 26289?
9
What is the highest common factor of 2956 and 74?
2
What is the greatest common factor of 25 and 67175?
25
What is the greatest common divisor of 805001 and 17?
17
Calculate the highest common divisor of 246 and 147354.
246
What is the greatest common divisor of 444371 and 107?
107
What is the greatest common factor of 11473 and 340018?
1043
Calculate the greatest common factor of 15 and 40065.
15
What is the highest common divisor of 60 and 7241260?
20
What is the greatest common divisor of 2984 and 3832?
8
What is the greatest common factor of 156405 and 30?
15
Calculate the greatest common factor of 166125 and 1875.
375
Calculate the highest common divisor of 4662787 and 4737.
1579
Calculate the greatest common factor of 538338 and 3320.
166
Calculate the highest common factor of 4195 and 563808.
839
Calculate the greatest common factor of 1029873 and 78.
39
Calculate the greatest common divisor of 1252 and 3443.
313
What is the greatest common factor of 830688 and 16?
16
What is the highest common divisor of 267868 and 4?
4
Calculate the highest common factor of 86 and 22618.
86
Calculate the highest common divisor of 27151 and 152.
19
What is the highest common factor of 13100 and 340?
20
Calculate the greatest common divisor of 3908 and 416.
4
Calculate the greatest common divisor of 76960 and 9568.
416
Calculate the highest common factor of 11 a